{"id":18,"date":"2018-06-22T10:40:38","date_gmt":"2018-06-22T10:40:38","guid":{"rendered":"http:\/\/www.secondchancerescue.fi\/?page_id=18"},"modified":"2022-09-05T20:41:08","modified_gmt":"2022-09-05T20:41:08","slug":"nain-autat","status":"publish","type":"page","link":"https:\/\/www.secondchancerescue.fi\/?page_id=18","title":{"rendered":"N\u00e4in autat"},"content":{"rendered":"<p>Yhdistyksell\u00e4 ei ole jatkuvaa rahanker\u00e4yslupaa, mutta yhdistys voi vastaanottaa lahjoituksia.Yhdistys j\u00e4rjest\u00e4\u00e4 s\u00e4\u00e4nn\u00f6llisesti huutokauppoja yleisten kulujen kattamiseksi, sek\u00e4 j\u00e4rjestet\u00e4\u00e4&nbsp;pienrahanker\u00e4yksi\u00e4 tarpeen vaatiessa.<\/p>\n<p>Yhdistyksen tilinumero on FI30 5472 0420 1176 06 \/ Second Chance Rescue ry (Osuuspankki).<\/p>\n<p>Huutokauppaan yhdistys ker\u00e4\u00e4 tuote- ja palvelulahjoituksia, jotka kaupataan ennaltailmoitetussa&nbsp;huutokaupassa. Mik\u00e4li haluat lahjoittaa tavaraa huutokauppaan yksityishenkil\u00f6n\u00e4 tai yrityksen\u00e4, voit&nbsp;laittaa s\u00e4hk\u00f6postia info@secondchancerescue.fi.<\/p>\n<p>Designdog.fi myy kannatustuotteita sivustollaan, joiden myynnin tuotosta osa tulee&nbsp;yhdistyksellemme.<\/p>\n<p><a href=\"https:\/\/www.facebook.com\/media\/set\/?set=a.4424809397564532&amp;amp;type=3\">https:\/\/www.facebook.com\/media\/set\/?set=a.4424809397564532&amp;amp;type=3<\/a><\/p>\n<p><a href=\"https:\/\/www.facebook.com\/media\/set\/?set=a.2414024701976355&amp;amp;type=3\">https:\/\/www.facebook.com\/media\/set\/?set=a.2414024701976355&amp;amp;type=3<\/a><\/p>\n<p>Yhdistyst\u00e4 voit auttaa my\u00f6s toimimalla kotihoitajana tai lentokummina.&nbsp;Lentokummina toimimisesta voit lukea lis\u00e4\u00e4 <a href=\"https:\/\/www.secondchancerescue.fi\/?page_id=238\">t\u00e4\u00e4lt\u00e4<\/a>. Mik\u00e4li olet kiinnostunut toimimaan kotihoitajana,&nbsp;voit t\u00e4ytt\u00e4\u00e4 kotiselvityslomakkeen ja kirjata lis\u00e4infoon olevasi kiinnostunut kotihoitajuudesta.<\/p>\n","protected":false},"excerpt":{"rendered":"<p>Yhdistyksell\u00e4 ei ole jatkuvaa rahanker\u00e4yslupaa, mutta yhdistys voi vastaanottaa lahjoituksia.Yhdistys j\u00e4rjest\u00e4\u00e4 s\u00e4\u00e4nn\u00f6llisesti huutokauppoja yleisten kulujen kattamiseksi, sek\u00e4 j\u00e4rjestet\u00e4\u00e4&nbsp;pienrahanker\u00e4yksi\u00e4 tarpeen vaatiessa. Yhdistyksen tilinumero on FI30 5472 0420 1176 06 \/ Second Chance Rescue ry (Osuuspankki). Huutokauppaan yhdistys ker\u00e4\u00e4 tuote- ja palvelulahjoituksia, &hellip; <a href=\"https:\/\/www.secondchancerescue.fi\/?page_id=18\">Lue loppuun <span class=\"meta-nav\">&rarr;<\/span><\/a><\/p>\n","protected":false},"author":1,"featured_media":0,"parent":0,"menu_order":0,"comment_status":"closed","ping_status":"closed","template":"","meta":{"ngg_post_thumbnail":0,"footnotes":""},"class_list":["post-18","page","type-page","status-publish","hentry"],"_links":{"self":[{"href":"https:\/\/www.secondchancerescue.fi\/index.php?rest_route=\/wp\/v2\/pages\/18","targetHints":{"allow":["GET"]}}],"collection":[{"href":"https:\/\/www.secondchancerescue.fi\/index.php?rest_route=\/wp\/v2\/pages"}],"about":[{"href":"https:\/\/www.secondchancerescue.fi\/index.php?rest_route=\/wp\/v2\/types\/page"}],"author":[{"embeddable":true,"href":"https:\/\/www.secondchancerescue.fi\/index.php?rest_route=\/wp\/v2\/users\/1"}],"replies":[{"embeddable":true,"href":"https:\/\/www.secondchancerescue.fi\/index.php?rest_route=%2Fwp%2Fv2%2Fcomments&post=18"}],"version-history":[{"count":15,"href":"https:\/\/www.secondchancerescue.fi\/index.php?rest_route=\/wp\/v2\/pages\/18\/revisions"}],"predecessor-version":[{"id":3607,"href":"https:\/\/www.secondchancerescue.fi\/index.php?rest_route=\/wp\/v2\/pages\/18\/revisions\/3607"}],"wp:attachment":[{"href":"https:\/\/www.secondchancerescue.fi\/index.php?rest_route=%2Fwp%2Fv2%2Fmedia&parent=18"}],"curies":[{"name":"wp","href":"https:\/\/api.w.org\/{rel}","templated":true}]}}