{"id":1871,"date":"2020-02-13T12:55:53","date_gmt":"2020-02-13T12:55:53","guid":{"rendered":"https:\/\/www.secondchancerescue.fi\/?page_id=1871"},"modified":"2023-02-01T14:01:46","modified_gmt":"2023-02-01T14:01:46","slug":"kustannukset","status":"publish","type":"page","link":"https:\/\/www.secondchancerescue.fi\/?page_id=1871","title":{"rendered":"Kustannukset"},"content":{"rendered":"<p>&nbsp;<\/p>\n<p>Adoption kustannukset<\/p>\n<p>Koirien adoptiokulu on 670e.<\/p>\n<p>Adoptiokulu kattaa tarvittavat rokotukset ja niiden tehosterokotukset (rabies ja yhdistelm\u00e4rokotus; penikkatauti, parvo, hepatiitti, tarttuva maksatulehdus, kennelysk\u00e4 ja leptospiroosi). Koiralle laitetaan tarhalla mikrosiru ja sill\u00e4 on EU-passi. Koirilta otetaan tarhalla verikokeet ja testataat vasta-aineet useista trooppisista sairauksista. Koirilta testataan leishmania, syd\u00e4nmato, ehrlichia, anaplasma ja babesia. Kulukorvaukseen sis\u00e4ltyy koiran sterilointi\/kastrointi (yli 6kk ik\u00e4isill\u00e4 koirilla), sis\u00e4- ja ulkoloish\u00e4\u00e4t\u00f6 sek\u00e4 matkustamiseen tarvittava ekinokokkil\u00e4\u00e4kitys. Koiran mukana tulee Designdog.fi:n turvavaljaat, martingalepanta sek\u00e4 lukoton grippihihna.<\/p>\n<p>Yhdistys rekister\u00f6i koiran mikrosirun Turvasiru.fi -palveluun.<\/p>\n<p>Koiran adoptiokulu maksetaan yhdistyksen tilille, kun koiran adoptio on vahvistettu. Adoptiokulun voi maksaa kerralla varaustilanteessa tai ensin varausmaksua 250e ja t\u00e4st\u00e4 2vko sis\u00e4\u00e4n loput 420e. Koira ei ole varattu eik\u00e4 l\u00e4ht\u00f6valmisteluita aloiteta ennen v\u00e4hint\u00e4\u00e4n varausmaksun maksua. Adoptiokulu maksetaan aina etuk\u00e4teen, jotta pyrit\u00e4\u00e4n varmistamaan, ett\u00e4 koiraa harkitsevat ovat varmasti varmoja p\u00e4\u00e4t\u00f6ksest\u00e4\u00e4n ja minimoidaan peruuntumisien riski. Kulukorvausta ei voi maksaa k\u00e4teisell\u00e4. Suomessa kotihoidossa olevien koirien adoptiokulu maksetaan kerralla ennen kuin koira vaihtaa kotia. Maksettua kulukorvausta ei palauteta, vaikka koiran adoption peruisi ennen koiran saapumista kotiin.<\/p>\n<p>Yhdistyksen tilinumero on FI30 5472 0420 1176 06 \/ Second Chance Rescue ry (Osuuspankki).<\/p>\n<p>Suomessa kotihoidossa olevien koirien adoptiokulu on my\u00f6s 670e. Adoptiokulu erikoisadoptioille, kodinvaihtajille ja senioreille (yli 8v koirat) on 350-420e, riippuen koiran kunnosta ja tilanteesta.<\/p>\n<p>Varauduthan siihen, ett\u00e4 koirien hampaat ovat useimmiten hoitamattomat ja saattavat olla huonossa kunnossa. Hammashoito ei kuulu kulukorvaukseen. Koiralla voi olla my\u00f6s vanhoja vammoja, jotka eiv\u00e4t ole tarhalla tulleet ilmi.<\/p>\n<p>Koiran saapuessa kotiin, tulee perheen pysty\u00e4 olemaan n.2vko ilman pakollisia poissaoloja kotoa, jotta yksinoloa voidaan alkaa harjoittelemaan ja koira saa alkaa kotiutumaan rauhassa. Emme varaa kotihoitokoiria odottamaan sopivaa ajankohtaa, vaan ne sijoitetaan omaan kotiin mahdollisimman pian sopivan kodin l\u00f6ytyess\u00e4. Tarhalta koirat saapuvat yleens\u00e4 Suomeen 2kk sis\u00e4\u00e4n varauksesta. Kysyth\u00e4n koiraa vasta sitten, kun adoptio on k\u00e4yt\u00e4nn\u00f6ss\u00e4 mahdollinen.<\/p>\n","protected":false},"excerpt":{"rendered":"<p>&nbsp; Adoption kustannukset Koirien adoptiokulu on 670e. Adoptiokulu kattaa tarvittavat rokotukset ja niiden tehosterokotukset (rabies ja yhdistelm\u00e4rokotus; penikkatauti, parvo, hepatiitti, tarttuva maksatulehdus, kennelysk\u00e4 ja leptospiroosi). Koiralle laitetaan tarhalla mikrosiru ja sill\u00e4 on EU-passi. Koirilta otetaan tarhalla verikokeet ja testataat vasta-aineet &hellip; <a href=\"https:\/\/www.secondchancerescue.fi\/?page_id=1871\">Lue loppuun <span class=\"meta-nav\">&rarr;<\/span><\/a><\/p>\n","protected":false},"author":1,"featured_media":0,"parent":0,"menu_order":0,"comment_status":"closed","ping_status":"closed","template":"","meta":{"ngg_post_thumbnail":0,"footnotes":""},"class_list":["post-1871","page","type-page","status-publish","hentry"],"_links":{"self":[{"href":"https:\/\/www.secondchancerescue.fi\/index.php?rest_route=\/wp\/v2\/pages\/1871","targetHints":{"allow":["GET"]}}],"collection":[{"href":"https:\/\/www.secondchancerescue.fi\/index.php?rest_route=\/wp\/v2\/pages"}],"about":[{"href":"https:\/\/www.secondchancerescue.fi\/index.php?rest_route=\/wp\/v2\/types\/page"}],"author":[{"embeddable":true,"href":"https:\/\/www.secondchancerescue.fi\/index.php?rest_route=\/wp\/v2\/users\/1"}],"replies":[{"embeddable":true,"href":"https:\/\/www.secondchancerescue.fi\/index.php?rest_route=%2Fwp%2Fv2%2Fcomments&post=1871"}],"version-history":[{"count":7,"href":"https:\/\/www.secondchancerescue.fi\/index.php?rest_route=\/wp\/v2\/pages\/1871\/revisions"}],"predecessor-version":[{"id":3821,"href":"https:\/\/www.secondchancerescue.fi\/index.php?rest_route=\/wp\/v2\/pages\/1871\/revisions\/3821"}],"wp:attachment":[{"href":"https:\/\/www.secondchancerescue.fi\/index.php?rest_route=%2Fwp%2Fv2%2Fmedia&parent=1871"}],"curies":[{"name":"wp","href":"https:\/\/api.w.org\/{rel}","templated":true}]}}