{"id":204,"date":"2018-06-23T17:34:23","date_gmt":"2018-06-23T17:34:23","guid":{"rendered":"http:\/\/www.secondchancerescue.fi\/?page_id=204"},"modified":"2022-08-29T20:53:41","modified_gmt":"2022-08-29T20:53:41","slug":"uutiset-2","status":"publish","type":"page","link":"https:\/\/www.secondchancerescue.fi\/?page_id=204","title":{"rendered":"Uutiset"},"content":{"rendered":"\n<p><strong>29.8.2022:<\/strong> Yhdistys on pit\u00e4nyt kokouksen 28.8.22 koirien kohonneiden tuontikustannusten johdosta. T\u00e4m\u00e4n vuoksi yhdistys on p\u00e4\u00e4tt\u00e4nyt kokouksessaan nostaa koirien adoptoinnin kulukorvausta 30.8.2022 alkaen 600 euroon.<\/p>\n","protected":false},"excerpt":{"rendered":"<p>29.8.2022: Yhdistys on pit\u00e4nyt kokouksen 28.8.22 koirien kohonneiden tuontikustannusten johdosta. T\u00e4m\u00e4n vuoksi yhdistys on p\u00e4\u00e4tt\u00e4nyt kokouksessaan nostaa koirien adoptoinnin kulukorvausta 30.8.2022 alkaen 600 euroon.<\/p>\n","protected":false},"author":1,"featured_media":0,"parent":0,"menu_order":0,"comment_status":"closed","ping_status":"closed","template":"","meta":{"ngg_post_thumbnail":0,"footnotes":""},"class_list":["post-204","page","type-page","status-publish","hentry"],"_links":{"self":[{"href":"https:\/\/www.secondchancerescue.fi\/index.php?rest_route=\/wp\/v2\/pages\/204","targetHints":{"allow":["GET"]}}],"collection":[{"href":"https:\/\/www.secondchancerescue.fi\/index.php?rest_route=\/wp\/v2\/pages"}],"about":[{"href":"https:\/\/www.secondchancerescue.fi\/index.php?rest_route=\/wp\/v2\/types\/page"}],"author":[{"embeddable":true,"href":"https:\/\/www.secondchancerescue.fi\/index.php?rest_route=\/wp\/v2\/users\/1"}],"replies":[{"embeddable":true,"href":"https:\/\/www.secondchancerescue.fi\/index.php?rest_route=%2Fwp%2Fv2%2Fcomments&post=204"}],"version-history":[{"count":10,"href":"https:\/\/www.secondchancerescue.fi\/index.php?rest_route=\/wp\/v2\/pages\/204\/revisions"}],"predecessor-version":[{"id":3570,"href":"https:\/\/www.secondchancerescue.fi\/index.php?rest_route=\/wp\/v2\/pages\/204\/revisions\/3570"}],"wp:attachment":[{"href":"https:\/\/www.secondchancerescue.fi\/index.php?rest_route=%2Fwp%2Fv2%2Fmedia&parent=204"}],"curies":[{"name":"wp","href":"https:\/\/api.w.org\/{rel}","templated":true}]}}