{"id":229,"date":"2018-06-23T17:41:26","date_gmt":"2018-06-23T17:41:26","guid":{"rendered":"http:\/\/www.secondchancerescue.fi\/?page_id=229"},"modified":"2020-02-13T12:43:24","modified_gmt":"2020-02-13T12:43:24","slug":"usein-kysyttya","status":"publish","type":"page","link":"https:\/\/www.secondchancerescue.fi\/?page_id=229","title":{"rendered":"Usein kysytty\u00e4"},"content":{"rendered":"\n<p><\/p>\n\n\n\n<p><strong>Onko koira sis\u00e4siisti?<\/strong><strong><\/strong><\/p>\n\n\n\n<p>Koirat el\u00e4v\u00e4t tarhalla betonipohjaisissa h\u00e4keiss\u00e4 eik\u00e4 niill\u00e4 ole mahdollisuutta tehd\u00e4 h\u00e4ti\u00e4\u00e4n muualle kuin h\u00e4kkiin. Osa koirista on tullut tarhalle suoraan kotioloista, mutta suuri osa espanjalaisista pit\u00e4\u00e4 isokokoisia koiria p\u00e4\u00e4osin pihalla. Sis\u00e4siisteytt\u00e4 ei ole valitettavasti mahdollista testata tarhalla eli sen kouluttamiseen tulee varautua&nbsp;niin pentujen kuin aikuistenkin kohdalla.<\/p>\n\n\n\n<p>Aikuisen koiran kohdalla sis\u00e4siisteyden opettaminen tapahtuu samanlailla kuin pennuilla eli koiran tullessa kannattaa matot rullata lattioilta ja asettaa sanomalehti\u00e4 lattialle. My\u00f6s aikuiset koirat saa koulutettua sis\u00e4siisteiksi, vaikka alussa eiv\u00e4t sit\u00e4 olisikaan. Tarhalla my\u00f6s huomaa ulkoilulenkeill\u00e4, ett\u00e4 koirat tekev\u00e4t yleens\u00e4 heti h\u00e4t\u00e4ns\u00e4 ulos, kun p\u00e4\u00e4sev\u00e4t pois h\u00e4kist\u00e4, joka antaa viitteit\u00e4 sis\u00e4siisteydest\u00e4.&nbsp;My\u00f6s pitk\u00e4\u00e4n tarhalla olleista on mahdollista kouluttaa sis\u00e4siistej\u00e4, mutta t\u00e4m\u00e4 voi vaatia ty\u00f6t\u00e4. <\/p>\n\n\n\n<p><strong>Onko koira terve?<\/strong><strong><\/strong><\/p>\n\n\n\n<p>Adoptoijalle annetaan kaikki info koiran terveydentilasta, jota on saatavilla. Tarhan el\u00e4inl\u00e4\u00e4k\u00e4rit tutkivat koiria mahdollisuuksien mukaan ja koirille tehd\u00e4\u00e4n terveydentarkastus ennen lentomatkaa. Terveydentilasta emme valitettavasti pysty lupaamaan mit\u00e4\u00e4n, sill\u00e4 monesti koirien taustoja ei tiedet\u00e4 ja tarhalla ei kaikkia ongelmia huomaa, mitk\u00e4 normaalissa kotiel\u00e4m\u00e4ss\u00e4 n\u00e4kyv\u00e4t. Koirilla saattaa esiinty\u00e4 esim. korvatulehduksia, alkavaa nivelrikkoa tai allergiaa.<\/p>\n\n\n\n<p>Tarhalla ei ole mahdollisuuksia tehd\u00e4 hammashoitoja, joten koirien hampaat saattavat tarvita hoitoa Suomessa my\u00f6s nuorilla koirilla. Adoptiosta kiinnostuneen tulee varautua mahdollisiin yll\u00e4tt\u00e4viin el\u00e4inl\u00e4\u00e4k\u00e4rikuluihin ja ylip\u00e4\u00e4t\u00e4\u00e4n harkita adoptiota huolella. Yhdistys ei vastaa mahdollisista vaivoista, sairauksista tai vammoista, joita tarhan el\u00e4inl\u00e4\u00e4k\u00e4ritarkastuksessa ei ole havaittu.<\/p>\n\n\n\n<p> Verikokeet otetaan koirilta tarhalta ennen adoptiota, mutta huomioithan, ett\u00e4 joidenkin trooppisten tautien vasta-aineiden n\u00e4kymisess\u00e4 voi menn\u00e4 jopa vuosia eli n\u00e4iden osalta testej\u00e4 tulisi uusia Suomessa. Yhdistys suosittelee leishmanian, syd\u00e4nmadon ja punkkiv\u00e4litteisten sairauksien testaamista 6-8kk Suomeen tulon j\u00e4lkeen ja leishmanian testaamista vuosittain ensimm\u00e4isten vuosien ajan. <\/p>\n\n\n\n<p><strong>Mink\u00e4 rotuinen koira on?<\/strong><strong><\/strong><\/p>\n\n\n\n<p>Suurin osa koirista tulee tarhalle ilman mikrosirua eli niiden taustasta tai sukupuusta ei usein ole tietoa. Koirat ovat suurimmaksi osaksi sekarotuisia ja rodut, joita mahdollisesti on risteytynyt, arvioidaan vain ulkon\u00e4\u00f6n ja k\u00e4yt\u00f6ksen perusteella. Tarhalla ei ole mahdollisuuksia teett\u00e4\u00e4 DNA- testej\u00e4 rotuperim\u00e4n selvitt\u00e4miseksi. <\/p>\n\n\n\n<p>Varsinkin pentujen adoptioissa, yhdistys ei pysty lupaamaan mink\u00e4 kokoiseksi pentu kasvaa tai millaisia ominaispiirteit\u00e4 sill\u00e4 on. Osa pennuista voi pienin\u00e4 vaikuttaa suurilta, mutta j\u00e4\u00e4d\u00e4kin keskikokoisiksi ja osa keskikokoisista pennuista voi kasvaa todella suuriksikin. T\u00e4m\u00e4 on pennusta kiinnostuneen hyv\u00e4 tiedostaa. <\/p>\n\n\n\n<p><strong>Haukkuuko koira paljon?<\/strong><strong><\/strong><\/p>\n\n\n\n<p>Amstaffit ja staffit eiv\u00e4t ole rotuina haukkuherkimm\u00e4st\u00e4 p\u00e4\u00e4st\u00e4, mutta koirat ovat sekarotuisia eli seassa voi olla my\u00f6s haukkuherkempi\u00e4 rotuja. Tarhalla koirat reagoivat vieraisiin ihmisiin, \u00e4\u00e4niin, innostukseen ja l\u00e4hes kaikkeen haukkumalla ja ketjureaktiona haukkuminen voi t\u00e4ytt\u00e4\u00e4 koko tarhan. Tarhalla koirilla on hyvin v\u00e4h\u00e4n ihmiskontakteja arkiel\u00e4m\u00e4\u00e4n verrattuna, joten haukkumisella koirat hakevat my\u00f6s huomiota itseens\u00e4 ja purkavat tylsistymist\u00e4\u00e4n. <\/p>\n\n\n\n<p>Jos koira reagoi ymp\u00e4rist\u00f6n luomaan stressiin haukkumalla, voi se kotioloissa olla todella rauhallinen ja hiljainen. Toinen tarhalla hiljainen koira voi taas kotioloissa alkaa esim. vahtia asuntoa ja haukkua ymp\u00e4rist\u00f6st\u00e4 tuleville \u00e4\u00e4nille. Koiran haukkuherkkyytt\u00e4 kotioloissa on mahdoton tiet\u00e4\u00e4 eli siihen tulee varautua koiraa adoptoidessa. Haukkuminen voi johtua innostuksesta, pelosta, vahtimisesta, huomion hausta tai monesta muusta syyst\u00e4. Mik\u00e4li haukkuminen tietyiss\u00e4 tilanteissa h\u00e4iritsee, tulee mietti\u00e4 taustasyy haukkumiselle ja l\u00e4hte\u00e4 ty\u00f6st\u00e4m\u00e4\u00e4n sit\u00e4 koulutuksella ja harjoituksilla.<\/p>\n\n\n\n<p><strong>Onko koiralla traumoja tai pelkok\u00e4ytt\u00e4ytymist\u00e4?<\/strong><strong><\/strong><\/p>\n\n\n\n<p>Suurimman osan koirista kohdalla tausta ei ole tiedossa eli ei tiedet\u00e4, onko koira ollut rakastettu ja hyvin&nbsp;hoidettu lemmikki vai onko koiraa kohdeltu v\u00e4kivaltaisesti tai pelotellen. Tarhalla koirien el\u00e4m\u00e4 on hyvin yksinkertaista p\u00e4iv\u00e4st\u00e4 toiseen eli siell\u00e4 ei v\u00e4ltt\u00e4m\u00e4tt\u00e4 ilmene kaikkia mahdollisia pelkoja, joita koiralla voi olla. Vaikka koira olisi reipas tarhalla, voi silti kotiutuessa ilmet\u00e4 eri asteisia pelkoja.<\/p>\n\n\n\n<p>Koirat voivat pel\u00e4t\u00e4 yll\u00e4tt\u00e4vi\u00e4 \u00e4\u00e4ni\u00e4, vieraita ihmisi\u00e4, miehi\u00e4, lapsia, kahisevia talvivaatteita, myrskyj\u00e4, autoja, imuria, televisiota ja vaikka mit\u00e4, joskus meid\u00e4n ihmisten mielest\u00e4 \u201doutojakin\u201d asioita. &nbsp;Mik\u00e4li koiralla ilmenee pelkok\u00e4ytt\u00e4ytymist\u00e4, on sit\u00e4 t\u00e4rke\u00e4 l\u00e4hte\u00e4 ty\u00f6st\u00e4m\u00e4\u00e4n positiivisesti vahvistamalla hyvi\u00e4 kokemuksia, mutta kouluttamisessa ja totuttelussa voi menn\u00e4 jopa vuosia, mutta hyv\u00e4ll\u00e4 tuurilla selvi\u00e4\u00e4 muutamissa viikoissa. Jos koiralla ilmenee pelkoa, pit\u00e4\u00e4 muistaa antaa koiralle aikaa eik\u00e4 pakottaa ahdistaviin tilanteisiin&nbsp;liian nopeasti.<\/p>\n\n\n\n<p>Koiraa adoptoidessa on hyv\u00e4 jo etuk\u00e4teen tutkia alueella toimivia koirakouluttajia, jotta ongelmatilanteessa voi kutsua my\u00f6s ammattilaisen apuun.<\/p>\n\n\n\n<p><strong>Osaako koira kulkea hihnassa?<\/strong><strong><\/strong><\/p>\n\n\n\n<p>Tarhalla suurin osa koirista p\u00e4\u00e4see lenkille vain kerran viikossa eli niill\u00e4 on todella paljon energiaa, jonka haluavat saada purettua. T\u00e4st\u00e4 johtuen suurin osa koirista vet\u00e4\u00e4 hihnassa enemm\u00e4n tai v\u00e4hemm\u00e4n, mutta s\u00e4\u00e4nn\u00f6llisell\u00e4 harjoittelulla ja positiivisella vahvistamisella koiran saa opetettua kulkemaan my\u00f6s vet\u00e4m\u00e4tt\u00e4. Osa koirista on ollut aiemmin kotikoirina ja on ehk\u00e4 jo koulutettu kulkemaan hihnassa, jolloin ottavat kontaktia helposti, kun taas osa koirista ei ota ulkoiluttajaan yht\u00e4 helposti kontaktia. Kontaktin vahvistamiseen on olemassa monia helppoja harjoituksia, jotta ulkoilut helpottuvat.<\/p>\n\n\n\n<p>Ns. remmir\u00e4hj\u00e4yst\u00e4 on vaikea tarhalla arvioida ja siihen vaikuttaa usein todella paljon my\u00f6s ulkoiluttajan toiminta ja k\u00e4yt\u00f6s. Koirat tarhalla ulkoilevat rauhallisessa ymp\u00e4rist\u00f6ss\u00e4, jossa ei tule vastaan polkupy\u00f6ri\u00e4, autoja, juoksevia lapsia tai vastaavaa eli t\u00e4llaisten kohtaaminen lenkeill\u00e4 voi olla niille j\u00e4nnitt\u00e4v\u00e4\u00e4 alkuun.&nbsp;T\u00e4st\u00e4 johtuen laadukkaat ja turvalliset ulkoiluvarusteet ovat eritt\u00e4in t\u00e4rkeit\u00e4, jotta koira ei p\u00e4\u00e4se karkaamaan tai ei satuta itse\u00e4\u00e4n vet\u00e4ess\u00e4 tai rimpuillessa. Suosittelemme aina k\u00e4ytt\u00e4m\u00e4\u00e4n valjaita, joissa on jarrukappale vy\u00f6t\u00e4r\u00f6ll\u00e4 ja puolikuristavaa pantaa, joka on koiralle riitt\u00e4v\u00e4n pieni. Tarhalla koirat tottuvat olemaan muiden koirien ymp\u00e4r\u00f6im\u00e4n\u00e4 eli koirat eiv\u00e4t aiheuta niille yht\u00e4 suurta reaktiota yleens\u00e4, kun kotiel\u00e4m\u00e4ss\u00e4, jossa v\u00e4lillinen kanssak\u00e4yminen muiden koirien kanssa on v\u00e4h\u00e4isemp\u00e4\u00e4 ja koirat saavat olla enemm\u00e4n omassa rauhassaan. <\/p>\n\n\n\n<p><strong>Puolustaako koira ruokaansa tai lelujaan?<\/strong><strong><\/strong><\/p>\n\n\n\n<p>Tarhalla koirilla on k\u00e4yt\u00e4nn\u00f6ss\u00e4 aina ruokaa tarjolla, jotta se ei aiheuttaisi riitaa koirien v\u00e4lill\u00e4. T\u00e4st\u00e4 johtuen esimerkiksi ruoka-aggressio voi ilmet\u00e4 vasta kotona, jos ruokaa saa vain tiettyin\u00e4 aikoina. Ruoka-aggression v\u00e4ltt\u00e4miseksi suosittelemme aina ruokkimaan perheen koirat erill\u00e4\u00e4n aluksi, jotta kaikki yksil\u00f6t saavat sy\u00f6d\u00e4 rauhassa. Tarhaoloissa koirille ei voi antaa luita, joten t\u00e4ll\u00e4iset ovat kotiutuvalle koiralle harvinaista herkkua eli koira voi puolustaa luuta niin ihmiselt\u00e4 kuin muilta koirilta. T\u00e4st\u00e4 syyst\u00e4 koiralle on hyv\u00e4 antaa ruokarauha luita sy\u00f6dess\u00e4 eik\u00e4 menn\u00e4 ottamaan luuta kesken pois. &nbsp;Ruoka-aggressio ja yleinen resurssiaggressiivisuus voi olla kotiutumisen alussa yleist\u00e4 tarhakoirilla, koska ne saavat jotain, mit\u00e4 niill\u00e4 ei aiemmin ole ollut tai mist\u00e4 niill\u00e4 on ollut puutetta \u201caiemmassa el\u00e4m\u00e4ss\u00e4\u201d. K\u00e4yt\u00f6s yleens\u00e4 rauhoittuu ajan kanssa, kun koira oppii luottamaan perheeseen ja siihen, ettei resursseja vied\u00e4 h\u00e4nelt\u00e4. On t\u00e4rke\u00e4\u00e4 opettaa koiralle luopumista, niin ruoasta kuin leluista ja irrottamista, jotta arki sujuu helpolla. <\/p>\n\n\n\n<p><strong>Antaako koira tehd\u00e4 hoitotoimenpiteet?<\/strong><strong><\/strong><\/p>\n\n\n\n<p>Koirille ei tarhalla pystyt\u00e4 tekem\u00e4\u00e4n s\u00e4\u00e4nn\u00f6llisesti hoitotoimenpiteit\u00e4 kuten kotioloissa teht\u00e4isiin. Tarhoilla koirat el\u00e4v\u00e4t betonilattioilla, jolloin kynnet osalla koirista kuluvat hyvin sen takia. Osalla koirista voi olla pitk\u00e4t kynnet kotiutuessa, sill\u00e4 valitettavasti tarhan resurssit eiv\u00e4t riit\u00e4 leikkaamaan kaikilta s\u00e4\u00e4nn\u00f6llisesti kynsi\u00e4 tai putsaamaan korvia. T\u00e4st\u00e4 johtuen osa koirista voi aluksi vierastaa hoitotoimenpiteit\u00e4 ja niit\u00e4 joutuu totuttamaan pikkuhiljaa. Osa koirista ei v\u00e4lit\u00e4 lainkaan esimerkiksi rokottaessa, kun taas osa pelk\u00e4\u00e4 rokotuksia todella paljon. Mik\u00e4li hoitotoimenpiteiss\u00e4 ilmenee ongelmia, on niihin hyv\u00e4 l\u00e4hte\u00e4 totuttamaan askel kerrallaan, ilman turhaa kiirett\u00e4. <\/p>\n\n\n\n<p><strong>Tuleeko koira kissojen kanssa toimeen?<\/strong><strong><\/strong><\/p>\n\n\n\n<p>Koirille pystyt\u00e4\u00e4n tekem\u00e4\u00e4n tarhalla ns. kissatesti, jossa koira p\u00e4\u00e4see kulkemaan kissojen sekaan kytkettyn\u00e4 ja usein aluksi kuonokopan kanssa. Usein testitilanteessa koirat ovat peloissaan, koska saattavat n\u00e4hd\u00e4 kissoja ensimm\u00e4ist\u00e4 kertaa. Suuri osa tarhan kissoista on kadulta, jolloin my\u00f6s kissat voivat suhtautua koiraan vihamielisesti, joka ei helpota testitilanteita. Vaikka kissatesti sujuisi hyvin, ei se takaa, ett\u00e4 koiran ja kissan sopeuttaminen yhteen kotona menisi ongelmitta. Kissat ja koirat ovat aina yksil\u00f6it\u00e4 ja niiden totuttamisessa voi menn\u00e4 pitki\u00e4kin aikoja. Aluksi voi joutua erist\u00e4m\u00e4\u00e4n el\u00e4imet erikseen esim. yksinolojen ajaksi eli on my\u00f6s hyv\u00e4 mietti\u00e4, salliiko ymp\u00e4rist\u00f6 t\u00e4llaisen j\u00e4rjestelyn.&nbsp;Kissoista ja koirista voi tulla parhaita kavereita ajan kanssa, mutta alkuun on hyv\u00e4 varautua tekem\u00e4\u00e4n molemmin puolin t\u00f6it\u00e4. Olemme huomanneet, ett\u00e4 pienikokoiset ja vilkkaat kissat aiheuttavat koirissa enemm\u00e4n jahtaamista kuin suurikokoiset ja rauhalliset kissat. <\/p>\n\n\n\n<p>Koiria, jotka yritt\u00e4v\u00e4t jo kissatestiss\u00e4 jahdata kissoja tai purra niit\u00e4, ei sijoiteta kissaperheisiin. <\/p>\n\n\n\n<p><strong>Mink\u00e4 luonteinen koira on?<\/strong><strong><\/strong><\/p>\n\n\n\n<p>Koirien perusluonne pystyt\u00e4\u00e4n jossain m\u00e4\u00e4rin arvioimaan tarhalla, mutta k\u00e4yt\u00f6s on hyvin tilannekohtaista ja voi muuttua paljonkin kotioloihin tultaessa. Tarhalla kiinnitet\u00e4\u00e4n erityisesti huomiota koiran suhtautumiseen ihmisiin ja kontaktin ottamiseen. Tarhan ty\u00f6ntekij\u00f6ill\u00e4 on monien vuosien kokemus koirien luonteiden arvioinnista ja yhdistyksen edustaja viett\u00e4\u00e4 mahdollisimman paljon aikaa my\u00f6s itse koirien kanssa, jotta pystyy mahdollisimman paljon antamaan tietoa koirista. Koirat ovat hyvin anteeksiantavaisia eli monet koviakin kokeneet suhtautuvat ihmiseen l\u00e4mpim\u00e4sti.<\/p>\n\n\n\n<p>Koiran k\u00e4yt\u00f6s voi muuttua kotiutuessa ja t\u00e4st\u00e4 johtuen on t\u00e4rke\u00e4 aloittaa arkikoulutus positiivisin menetelmin heti koira tullessa kotiin. Suosittelemme kaikille adoptoijille positiiviseen vahvistamiseen perustuvaa pentukoulua tai arkitaito-, perustaito- tai kontaktikurssia. Tarhalla ihmiskontaktit ovat niin v\u00e4h\u00e4isi\u00e4, ett\u00e4 ihmisrakkaat koirat hakevat mielell\u00e4\u00e4n huomiota my\u00f6s vierailta ihmisilt\u00e4. Kotiutuessa kun koirat ovat enemm\u00e4n kontaktissa oman perheen j\u00e4senten kanssa, voi esim. ilmet\u00e4 pient\u00e4 j\u00e4nnityst\u00e4 vieraita ihmisi\u00e4 kohtaan.<\/p>\n","protected":false},"excerpt":{"rendered":"<p>Onko koira sis\u00e4siisti? Koirat el\u00e4v\u00e4t tarhalla betonipohjaisissa h\u00e4keiss\u00e4 eik\u00e4 niill\u00e4 ole mahdollisuutta tehd\u00e4 h\u00e4ti\u00e4\u00e4n muualle kuin h\u00e4kkiin. Osa koirista on tullut tarhalle suoraan kotioloista, mutta suuri osa espanjalaisista pit\u00e4\u00e4 isokokoisia koiria p\u00e4\u00e4osin pihalla. Sis\u00e4siisteytt\u00e4 ei ole valitettavasti mahdollista testata tarhalla &hellip; <a href=\"https:\/\/www.secondchancerescue.fi\/?page_id=229\">Lue loppuun <span class=\"meta-nav\">&rarr;<\/span><\/a><\/p>\n","protected":false},"author":1,"featured_media":0,"parent":0,"menu_order":0,"comment_status":"closed","ping_status":"closed","template":"","meta":{"ngg_post_thumbnail":0,"footnotes":""},"class_list":["post-229","page","type-page","status-publish","hentry"],"_links":{"self":[{"href":"https:\/\/www.secondchancerescue.fi\/index.php?rest_route=\/wp\/v2\/pages\/229","targetHints":{"allow":["GET"]}}],"collection":[{"href":"https:\/\/www.secondchancerescue.fi\/index.php?rest_route=\/wp\/v2\/pages"}],"about":[{"href":"https:\/\/www.secondchancerescue.fi\/index.php?rest_route=\/wp\/v2\/types\/page"}],"author":[{"embeddable":true,"href":"https:\/\/www.secondchancerescue.fi\/index.php?rest_route=\/wp\/v2\/users\/1"}],"replies":[{"embeddable":true,"href":"https:\/\/www.secondchancerescue.fi\/index.php?rest_route=%2Fwp%2Fv2%2Fcomments&post=229"}],"version-history":[{"count":3,"href":"https:\/\/www.secondchancerescue.fi\/index.php?rest_route=\/wp\/v2\/pages\/229\/revisions"}],"predecessor-version":[{"id":1843,"href":"https:\/\/www.secondchancerescue.fi\/index.php?rest_route=\/wp\/v2\/pages\/229\/revisions\/1843"}],"wp:attachment":[{"href":"https:\/\/www.secondchancerescue.fi\/index.php?rest_route=%2Fwp%2Fv2%2Fmedia&parent=229"}],"curies":[{"name":"wp","href":"https:\/\/api.w.org\/{rel}","templated":true}]}}