{"id":235,"date":"2018-06-23T17:41:49","date_gmt":"2018-06-23T17:41:49","guid":{"rendered":"http:\/\/www.secondchancerescue.fi\/?page_id=235"},"modified":"2018-07-04T15:25:43","modified_gmt":"2018-07-04T15:25:43","slug":"lentokummiksi","status":"publish","type":"page","link":"https:\/\/www.secondchancerescue.fi\/?page_id=235","title":{"rendered":"Lentokummiksi"},"content":{"rendered":"<p>Yhdistyksemme lenn\u00e4tt\u00e4\u00e4 koiria Malagasta ja k\u00e4yt\u00e4mme ainoastaan suoria lentoja Helsinkiin. Haemme koiria ajoittain my\u00f6s itse, mutta tarvitsemme my\u00f6s lentokummeja.<\/p>\n<p>Lentokummina toimiminen ei aiheuta ylim\u00e4\u00e4r\u00e4isi\u00e4 kuluja. Tarhan vapaaehtoiset tuovat tarhan Malagan lentokent\u00e4lle, jossa he tekev\u00e4t lentokummin kanssa yhdess\u00e4 l\u00e4ht\u00f6selvityksen. Koirat matkustavat lennon ajan ruumassa ja vapaaehtoiset huolehtivat koiran koneeseen asti. Koirapaikka on lentokummin matkalipulla erikoismatkatavarana eli se ei v\u00e4henn\u00e4 mahdollisten matkalaukkujen m\u00e4\u00e4r\u00e4\u00e4.<\/p>\n<p>Lentokummin on oltava lentokent\u00e4ll\u00e4 kaksi tuntia ennen lennon l\u00e4ht\u00f6\u00e4, paikka koiralle on jo valmiiksi ostettu. L\u00e4ht\u00f6selvityksen j\u00e4lkeen lentokummi ottaa k\u00e4simatkatavaroihinsa koiran passin ja maahantuontidokumentit, jonka j\u00e4lkeen voi jatkaa matkaansa normaalisti turvatarkastukseen.<\/p>\n<p>Yhdistyksen edustaja on lentokummia vastassa lentoaseman tuloaulassa. Lentokummi noutaa koiran erityismatkatavarahuoneesta, joka sijaitsee samassa tilassa kuin matkalaukkuhihnat. Lentokent\u00e4n henkil\u00f6kunta ohjeistaa, mihin koirat tuodaan. Lentokummi kuljettaa koirat sielt\u00e4 tuloaulaan, luovuttaa koirat sek\u00e4 koirien passit ja maahantuontidokumentit yhdistyksen edustajalle.<\/p>\n<p>Koirat tuodaan aina Suomeen maahantulovaatimusten mukaan ja yhdistys on rekister\u00f6itynyt Eviran m\u00e4\u00e4r\u00e4ysten mukaisesti kaupalliseksi maahantuojaksi.<\/p>\n<p>Jos olet lent\u00e4m\u00e4ss\u00e4 Malagasta Helsinkiin suoralla lennolla ja voisit toimia kummina, otathan yhteytt\u00e4 info@secondchancerescue.fi<\/p>\n","protected":false},"excerpt":{"rendered":"<p>Yhdistyksemme lenn\u00e4tt\u00e4\u00e4 koiria Malagasta ja k\u00e4yt\u00e4mme ainoastaan suoria lentoja Helsinkiin. Haemme koiria ajoittain my\u00f6s itse, mutta tarvitsemme my\u00f6s lentokummeja. Lentokummina toimiminen ei aiheuta ylim\u00e4\u00e4r\u00e4isi\u00e4 kuluja. Tarhan vapaaehtoiset tuovat tarhan Malagan lentokent\u00e4lle, jossa he tekev\u00e4t lentokummin kanssa yhdess\u00e4 l\u00e4ht\u00f6selvityksen. Koirat matkustavat &hellip; <a href=\"https:\/\/www.secondchancerescue.fi\/?page_id=235\">Lue loppuun <span class=\"meta-nav\">&rarr;<\/span><\/a><\/p>\n","protected":false},"author":1,"featured_media":0,"parent":0,"menu_order":0,"comment_status":"closed","ping_status":"closed","template":"","meta":{"ngg_post_thumbnail":0,"footnotes":""},"class_list":["post-235","page","type-page","status-publish","hentry"],"_links":{"self":[{"href":"https:\/\/www.secondchancerescue.fi\/index.php?rest_route=\/wp\/v2\/pages\/235","targetHints":{"allow":["GET"]}}],"collection":[{"href":"https:\/\/www.secondchancerescue.fi\/index.php?rest_route=\/wp\/v2\/pages"}],"about":[{"href":"https:\/\/www.secondchancerescue.fi\/index.php?rest_route=\/wp\/v2\/types\/page"}],"author":[{"embeddable":true,"href":"https:\/\/www.secondchancerescue.fi\/index.php?rest_route=\/wp\/v2\/users\/1"}],"replies":[{"embeddable":true,"href":"https:\/\/www.secondchancerescue.fi\/index.php?rest_route=%2Fwp%2Fv2%2Fcomments&post=235"}],"version-history":[{"count":3,"href":"https:\/\/www.secondchancerescue.fi\/index.php?rest_route=\/wp\/v2\/pages\/235\/revisions"}],"predecessor-version":[{"id":282,"href":"https:\/\/www.secondchancerescue.fi\/index.php?rest_route=\/wp\/v2\/pages\/235\/revisions\/282"}],"wp:attachment":[{"href":"https:\/\/www.secondchancerescue.fi\/index.php?rest_route=%2Fwp%2Fv2%2Fmedia&parent=235"}],"curies":[{"name":"wp","href":"https:\/\/api.w.org\/{rel}","templated":true}]}}