{"id":2750,"date":"2021-05-21T10:36:09","date_gmt":"2021-05-21T10:36:09","guid":{"rendered":"https:\/\/www.secondchancerescue.fi\/?page_id=2750"},"modified":"2025-08-31T19:47:55","modified_gmt":"2025-08-31T19:47:55","slug":"obito","status":"publish","type":"page","link":"https:\/\/www.secondchancerescue.fi\/?page_id=2750","title":{"rendered":"Obito"},"content":{"rendered":"\n<p>Kaikkien rakastama nallekarhu Obito etsii aktiivista kotia ainoana koirana \ud83e\udde1<\/p>\n\n\n\n<p> Obito on hyvin isokokoinen poika, joka koostaan huolimatta pit\u00e4\u00e4 itse\u00e4\u00e4n sylikoirana! Obito on syntynyt lokakuussa -19 ja h\u00e4net on tuotu tarhalle syyskuussa -20. H\u00e4n on avoin uusiakin ihmisi\u00e4 kohtaan, mutta innostuu herk\u00e4sti ja voi alkaa hyppim\u00e4\u00e4n vasten. H\u00e4nen koostaan johtuen olisi siis eritt\u00e4in t\u00e4rke\u00e4 harjoitella rauhoittumista ja malttia. Kunhan ihminen toimii rauhallisesti, h\u00e4n osaa jo hieman rauhoittuakin innostavissa tilanteissa. <\/p>\n\n\n\n<p>Obito tulee p\u00e4\u00e4s\u00e4\u00e4nt\u00f6isesti hyvin toimeen muiden koirien kanssa, mutta tarhalla liian energian patoutuessa voi kiihdytt\u00e4viss\u00e4 tilanteissa purkaa sit\u00e4 toiseen koiraan. T\u00e4st\u00e4 syyst\u00e4 Obitolle etsit\u00e4\u00e4n kotia ainoana koirana, mutta h\u00e4n voi hyvin k\u00e4yd\u00e4 esim yhteislenkeill\u00e4 koirakaverin kanssa. Obito kulkee p\u00e4\u00e4asiassa kivasti hihnassa. Obito on rauhoittunut paljon tarhavuosiensa aikana ja nuoruuden isoimmat vauhdit on jo j\u00e4tetty taakse, mutta on h\u00e4n siit\u00e4 huolimatta edelleen aktiivinen ja nauttii yhdess\u00e4 tekemisest\u00e4. Olisi t\u00e4rke\u00e4\u00e4, ett\u00e4 tulevan kodin l\u00e4heisyydest\u00e4 l\u00f6ytyisi koirapuisto tai aidattu koiramets\u00e4, jonne p\u00e4\u00e4sisi v\u00e4lill\u00e4 purkamaan energiaa hihnalenkkien lis\u00e4ksi. H\u00e4n nauttii vedess\u00e4 kahlaamisesta, mutta ei ainakaan toistaiseksi ole uskaltautunut uimaan. <\/p>\n\n\n\n<p>Obito on yleisluonteeltaan reipas, mutta vilkkaat autotiet ovat h\u00e4nelle j\u00e4nnitt\u00e4vi\u00e4. Tulevasta kodista tulee l\u00f6yty\u00e4 rauhallisia lenkkimaastoja, joissa p\u00e4\u00e4see liikkumaan ilman liikenteen h\u00e4ly\u00e4. Autoilu on h\u00e4nelle my\u00f6s viel\u00e4 hieman j\u00e4nnitt\u00e4v\u00e4\u00e4, joka n\u00e4ytt\u00e4ytyy levottomuutena, mutta on siin\u00e4kin kehittynyt my\u00f6s v\u00e4hitellen. <\/p>\n\n\n\n<p>Obito ansaitsisi jo p\u00e4\u00e4st\u00e4 omaan kotiin nauttimasta leikkimisest\u00e4, ihmisten huomiosta ja s\u00e4\u00e4nn\u00f6llisist\u00e4 lenkeist\u00e4 \ud83e\udde1<\/p>\n\n\n\n<p>Lis\u00e4\u00e4 kuvia <a href=\"https:\/\/www.facebook.com\/media\/set\/?set=a.602626775369686&amp;type=3\">t\u00e4\u00e4lt\u00e4<\/a><\/p>\n\n\n\n<p>Arvioitu syntym\u00e4aika: lokakuu 2019<br>Syntym\u00e4maa: Espanja <br>Sijainti: Espanja, Triple A Marbella -tarha <br>Adoptoiva yhdistys: Second Chance Rescue ry <br>Tunnus: 24039471<\/p>\n\n\n\n<p><\/p>\n\n\n\nngg_shortcode_0_placeholder\n","protected":false},"excerpt":{"rendered":"<p>Kaikkien rakastama nallekarhu Obito etsii aktiivista kotia ainoana koirana \ud83e\udde1 Obito on hyvin isokokoinen poika, joka koostaan huolimatta pit\u00e4\u00e4 itse\u00e4\u00e4n sylikoirana! Obito on syntynyt lokakuussa -19 ja h\u00e4net on tuotu tarhalle syyskuussa -20. H\u00e4n on avoin uusiakin ihmisi\u00e4 kohtaan, mutta &hellip; <a href=\"https:\/\/www.secondchancerescue.fi\/?page_id=2750\">Lue loppuun <span class=\"meta-nav\">&rarr;<\/span><\/a><\/p>\n","protected":false},"author":1,"featured_media":0,"parent":0,"menu_order":0,"comment_status":"closed","ping_status":"closed","template":"","meta":{"ngg_post_thumbnail":0,"footnotes":""},"class_list":["post-2750","page","type-page","status-publish","hentry"],"_links":{"self":[{"href":"https:\/\/www.secondchancerescue.fi\/index.php?rest_route=\/wp\/v2\/pages\/2750","targetHints":{"allow":["GET"]}}],"collection":[{"href":"https:\/\/www.secondchancerescue.fi\/index.php?rest_route=\/wp\/v2\/pages"}],"about":[{"href":"https:\/\/www.secondchancerescue.fi\/index.php?rest_route=\/wp\/v2\/types\/page"}],"author":[{"embeddable":true,"href":"https:\/\/www.secondchancerescue.fi\/index.php?rest_route=\/wp\/v2\/users\/1"}],"replies":[{"embeddable":true,"href":"https:\/\/www.secondchancerescue.fi\/index.php?rest_route=%2Fwp%2Fv2%2Fcomments&post=2750"}],"version-history":[{"count":6,"href":"https:\/\/www.secondchancerescue.fi\/index.php?rest_route=\/wp\/v2\/pages\/2750\/revisions"}],"predecessor-version":[{"id":5503,"href":"https:\/\/www.secondchancerescue.fi\/index.php?rest_route=\/wp\/v2\/pages\/2750\/revisions\/5503"}],"wp:attachment":[{"href":"https:\/\/www.secondchancerescue.fi\/index.php?rest_route=%2Fwp%2Fv2%2Fmedia&parent=2750"}],"curies":[{"name":"wp","href":"https:\/\/api.w.org\/{rel}","templated":true}]}}