{"id":3794,"date":"2023-01-24T16:53:50","date_gmt":"2023-01-24T16:53:50","guid":{"rendered":"https:\/\/www.secondchancerescue.fi\/?page_id=3794"},"modified":"2024-01-08T17:12:14","modified_gmt":"2024-01-08T17:12:14","slug":"alberto","status":"publish","type":"page","link":"https:\/\/www.secondchancerescue.fi\/?page_id=3794","title":{"rendered":"Alberto"},"content":{"rendered":"\n<p>Alberto etsii aktiivista ja koirakokenutta kotia ainoana koirana&nbsp;<img decoding=\"async\" height=\"16\" width=\"16\" alt=\"\u2764\ufe0f\" src=\"https:\/\/static.xx.fbcdn.net\/images\/emoji.php\/v9\/t6c\/1\/16\/2764.png\"><\/p>\n\n\n\n<p>Alberto on tuotu tarhalle 21.11.21 ja syntynyt arviolta marraskuussa -17. H\u00e4nen taustoistaan ennen tarhaa ei ole tietoa. Alberto on hyvin aktiivinen poika, joka rakastaa liikkua ja leikki\u00e4 eli tarvitsee perheen, jossa on riitt\u00e4v\u00e4sti aikaa h\u00e4nelle. Alberto tulee hyvin valikoidusti toimeen muiden koirien kanssa, etenkin urosten kanssa on haasteita ja t\u00e4st\u00e4 syyst\u00e4 h\u00e4net sijoitetaan vain ainoaksi koiraksi. H\u00e4n on asunut lyhyen aikaa kotihoidossa lasten kanssa ja niiden kanssa el\u00e4m\u00e4 sujui hyvin.<\/p>\n\n\n\n<p>Alberto rakastaa huomiota ja nauttii hellittelyhetkist\u00e4. Hihnak\u00e4yt\u00f6ksess\u00e4 h\u00e4nell\u00e4 on haasteita ja on reaktiivinen ohitustilanteissa eli tulevan kodin tulee varautua ty\u00f6st\u00e4m\u00e4\u00e4n hihnak\u00e4yt\u00f6st\u00e4 positiivisen vahvistamisen kautta. Olisi hyv\u00e4, ett\u00e4 tulevan kodin ymp\u00e4rist\u00f6st\u00e4 l\u00f6ytyisi rauhallisia lenkkimaastoja, jottei ulkoilut k\u00e4y liian stressaaviksi.&nbsp;<\/p>\n\n\n\n<p>Arvioitu syntym\u00e4aika: marraskuu 2017<br>Syntym\u00e4maa: Espanja <br>Sijainti: Espanja, Los Barrios -tarha <br>Adoptoiva yhdistys: Second Chance Rescue ry <br>Tunnus: 24039471<\/p>\n\n\n\n<p>Lis\u00e4\u00e4 kuvia <a href=\"https:\/\/www.facebook.com\/media\/set\/?set=a.1611006219337352&amp;type=3\">t\u00e4\u00e4lt\u00e4<\/a><\/p>\n\n\n\n<p><\/p>\n\n\n\nngg_shortcode_0_placeholder\n","protected":false},"excerpt":{"rendered":"<p>Alberto etsii aktiivista ja koirakokenutta kotia ainoana koirana&nbsp; Alberto on tuotu tarhalle 21.11.21 ja syntynyt arviolta marraskuussa -17. H\u00e4nen taustoistaan ennen tarhaa ei ole tietoa. Alberto on hyvin aktiivinen poika, joka rakastaa liikkua ja leikki\u00e4 eli tarvitsee perheen, jossa on &hellip; <a href=\"https:\/\/www.secondchancerescue.fi\/?page_id=3794\">Lue loppuun <span class=\"meta-nav\">&rarr;<\/span><\/a><\/p>\n","protected":false},"author":1,"featured_media":0,"parent":0,"menu_order":0,"comment_status":"closed","ping_status":"closed","template":"","meta":{"ngg_post_thumbnail":0,"footnotes":""},"class_list":["post-3794","page","type-page","status-publish","hentry"],"_links":{"self":[{"href":"https:\/\/www.secondchancerescue.fi\/index.php?rest_route=\/wp\/v2\/pages\/3794","targetHints":{"allow":["GET"]}}],"collection":[{"href":"https:\/\/www.secondchancerescue.fi\/index.php?rest_route=\/wp\/v2\/pages"}],"about":[{"href":"https:\/\/www.secondchancerescue.fi\/index.php?rest_route=\/wp\/v2\/types\/page"}],"author":[{"embeddable":true,"href":"https:\/\/www.secondchancerescue.fi\/index.php?rest_route=\/wp\/v2\/users\/1"}],"replies":[{"embeddable":true,"href":"https:\/\/www.secondchancerescue.fi\/index.php?rest_route=%2Fwp%2Fv2%2Fcomments&post=3794"}],"version-history":[{"count":2,"href":"https:\/\/www.secondchancerescue.fi\/index.php?rest_route=\/wp\/v2\/pages\/3794\/revisions"}],"predecessor-version":[{"id":4493,"href":"https:\/\/www.secondchancerescue.fi\/index.php?rest_route=\/wp\/v2\/pages\/3794\/revisions\/4493"}],"wp:attachment":[{"href":"https:\/\/www.secondchancerescue.fi\/index.php?rest_route=%2Fwp%2Fv2%2Fmedia&parent=3794"}],"curies":[{"name":"wp","href":"https:\/\/api.w.org\/{rel}","templated":true}]}}