{"id":3936,"date":"2023-04-09T07:00:44","date_gmt":"2023-04-09T07:00:44","guid":{"rendered":"https:\/\/www.secondchancerescue.fi\/?page_id=3936"},"modified":"2025-04-27T13:36:57","modified_gmt":"2025-04-27T13:36:57","slug":"owl","status":"publish","type":"page","link":"https:\/\/www.secondchancerescue.fi\/?page_id=3936","title":{"rendered":"Owl"},"content":{"rendered":"\n<p>Owl etsii aktiivista ja liikunnallista kotia ainoana koirana \u2764\ufe0f Owl on syntynyt arviolta maaliskuussa -19 ja tuotu tarhalle 24.6.22. H\u00e4kiss\u00e4 h\u00e4n vaikuttaa hieman ep\u00e4varmalle uusia ihmisi\u00e4 kohtaan, mutta h\u00e4kin puolella l\u00e4htee mielell\u00e4\u00e4n leikkim\u00e4\u00e4n ja hakee huomiota. Owl on leikkis\u00e4 ja innostuu leikeist\u00e4 kovin, joten rauhoittumista tulee harjoitella. Kiihtyess\u00e4\u00e4n h\u00e4n saattaa hyppi\u00e4 ja komentaa haukkuen, sek\u00e4 voi lenkill\u00e4 ottaa hihnasta kiinni. Hihnassa h\u00e4n kulkee p\u00e4\u00e4asiassa hyvin eik\u00e4 tarhalenkeill\u00e4 reagoi ohituksissa. Owl on melko stressaantuneen oloinen tarhalla, joten tulevassa kodissa on hyv\u00e4 varautua rauhakseen uuden arjen opetteluun. H\u00e4n tarvitsee aktiivisen perheen, jossa h\u00e4nelle tarjotaan riitt\u00e4v\u00e4sti fyysist\u00e4 aktiviteetti\u00e4 ja aivojumppaa. Owl ei ole ollut tarhalla tekemisiss\u00e4 muiden koirien kanssa, joten h\u00e4net sijoitetaan vain ainoaksi koiraksi. H\u00e4n on melko isokokoinen poika ja painaa n.30kg.<\/p>\n\n\n\n<p>Arvioitu syntym\u00e4aika: maaliskuu 2019<br>Syntym\u00e4maa: Espanja <br>Sijainti: Espanja, Los Barrios -tarha <br>Adoptoiva yhdistys: Second Chance Rescue ry <br>Tunnus: 24039471<\/p>\n\n\n\n<p>Lis\u00e4\u00e4 kuvia <a href=\"https:\/\/www.facebook.com\/media\/set\/?set=a.527981499500881&amp;type=3\">t\u00e4\u00e4lt\u00e4<\/a><\/p>\n\n\n\n<p><\/p>\n\n\n\nngg_shortcode_0_placeholder\n","protected":false},"excerpt":{"rendered":"<p>Owl etsii aktiivista ja liikunnallista kotia ainoana koirana \u2764\ufe0f Owl on syntynyt arviolta maaliskuussa -19 ja tuotu tarhalle 24.6.22. H\u00e4kiss\u00e4 h\u00e4n vaikuttaa hieman ep\u00e4varmalle uusia ihmisi\u00e4 kohtaan, mutta h\u00e4kin puolella l\u00e4htee mielell\u00e4\u00e4n leikkim\u00e4\u00e4n ja hakee huomiota. Owl on leikkis\u00e4 ja &hellip; <a href=\"https:\/\/www.secondchancerescue.fi\/?page_id=3936\">Lue loppuun <span class=\"meta-nav\">&rarr;<\/span><\/a><\/p>\n","protected":false},"author":1,"featured_media":0,"parent":0,"menu_order":0,"comment_status":"closed","ping_status":"closed","template":"","meta":{"ngg_post_thumbnail":0,"footnotes":""},"class_list":["post-3936","page","type-page","status-publish","hentry"],"_links":{"self":[{"href":"https:\/\/www.secondchancerescue.fi\/index.php?rest_route=\/wp\/v2\/pages\/3936","targetHints":{"allow":["GET"]}}],"collection":[{"href":"https:\/\/www.secondchancerescue.fi\/index.php?rest_route=\/wp\/v2\/pages"}],"about":[{"href":"https:\/\/www.secondchancerescue.fi\/index.php?rest_route=\/wp\/v2\/types\/page"}],"author":[{"embeddable":true,"href":"https:\/\/www.secondchancerescue.fi\/index.php?rest_route=\/wp\/v2\/users\/1"}],"replies":[{"embeddable":true,"href":"https:\/\/www.secondchancerescue.fi\/index.php?rest_route=%2Fwp%2Fv2%2Fcomments&post=3936"}],"version-history":[{"count":3,"href":"https:\/\/www.secondchancerescue.fi\/index.php?rest_route=\/wp\/v2\/pages\/3936\/revisions"}],"predecessor-version":[{"id":5356,"href":"https:\/\/www.secondchancerescue.fi\/index.php?rest_route=\/wp\/v2\/pages\/3936\/revisions\/5356"}],"wp:attachment":[{"href":"https:\/\/www.secondchancerescue.fi\/index.php?rest_route=%2Fwp%2Fv2%2Fmedia&parent=3936"}],"curies":[{"name":"wp","href":"https:\/\/api.w.org\/{rel}","templated":true}]}}