{"id":4417,"date":"2023-12-29T11:35:21","date_gmt":"2023-12-29T11:35:21","guid":{"rendered":"https:\/\/www.secondchancerescue.fi\/?page_id=4417"},"modified":"2025-08-31T19:46:24","modified_gmt":"2025-08-31T19:46:24","slug":"margareth","status":"publish","type":"page","link":"https:\/\/www.secondchancerescue.fi\/?page_id=4417","title":{"rendered":"Margareth"},"content":{"rendered":"\n<p>Margareth etsii tasaista arkea el\u00e4v\u00e4\u00e4 perhett\u00e4, joka nauttii luonnossa liikkumisesta. <\/p>\n\n\n\n<p>Margareth on tuotu tarhalle 5.10.23 ja h\u00e4nen taustoistaan ennen tarhalle tuloa ei ole tietoa. H\u00e4n on syntynyt arviolta lokakuussa -16. <\/p>\n\n\n\n<p>Margareth on ymp\u00e4rist\u00f6st\u00e4\u00e4n hyvin kiinnostunut ja selv\u00e4sti nauttii lenkkeilyst\u00e4. H\u00e4n on avoin uusiakin ihmisi\u00e4 kohtaan ja nauttii rapsutuksista. H\u00e4n ei tarhaymp\u00e4rist\u00f6ss\u00e4 vaikuta motivoituvan helposti nameista, sill\u00e4 mielummin tutkisi ymp\u00e4rist\u00f6\u00e4 omaan tahtiin kuin ottaisi kontaktia ihmiseen. Margarethia ei tule toimeen muiden koirien kanssa, joten h\u00e4net sijoitetaan vain ainoaksi koiraksi. <\/p>\n\n\n\n<p>Margareth on juuri sellainen tavallinen koira, joka j\u00e4\u00e4 helposti huomaamatta &#8221;tavallisen&#8221; ulkon\u00e4k\u00f6ns\u00e4, ik\u00e4ns\u00e4 ja mustan v\u00e4rins\u00e4 takia.<\/p>\n\n\n\n<p>Arvioitu syntym\u00e4aika: lokakuu 2016<br>Syntym\u00e4maa: Espanja <br>Sijainti: Espanja, Los Barrios -tarha <br>Adoptoiva yhdistys: Second Chance Rescue ry <br>Tunnus: 24039471<\/p>\n\n\n\n<p>Lis\u00e4\u00e4 kuvia <a href=\"https:\/\/www.facebook.com\/media\/set\/?set=a.664190075880022&amp;type=3\">t\u00e4\u00e4lt\u00e4<\/a><\/p>\n\n\n\n<p><\/p>\n\n\n\nngg_shortcode_0_placeholder\n","protected":false},"excerpt":{"rendered":"<p>Margareth etsii tasaista arkea el\u00e4v\u00e4\u00e4 perhett\u00e4, joka nauttii luonnossa liikkumisesta. Margareth on tuotu tarhalle 5.10.23 ja h\u00e4nen taustoistaan ennen tarhalle tuloa ei ole tietoa. H\u00e4n on syntynyt arviolta lokakuussa -16. Margareth on ymp\u00e4rist\u00f6st\u00e4\u00e4n hyvin kiinnostunut ja selv\u00e4sti nauttii lenkkeilyst\u00e4. H\u00e4n &hellip; <a href=\"https:\/\/www.secondchancerescue.fi\/?page_id=4417\">Lue loppuun <span class=\"meta-nav\">&rarr;<\/span><\/a><\/p>\n","protected":false},"author":1,"featured_media":0,"parent":0,"menu_order":0,"comment_status":"closed","ping_status":"closed","template":"","meta":{"ngg_post_thumbnail":0,"footnotes":""},"class_list":["post-4417","page","type-page","status-publish","hentry"],"_links":{"self":[{"href":"https:\/\/www.secondchancerescue.fi\/index.php?rest_route=\/wp\/v2\/pages\/4417","targetHints":{"allow":["GET"]}}],"collection":[{"href":"https:\/\/www.secondchancerescue.fi\/index.php?rest_route=\/wp\/v2\/pages"}],"about":[{"href":"https:\/\/www.secondchancerescue.fi\/index.php?rest_route=\/wp\/v2\/types\/page"}],"author":[{"embeddable":true,"href":"https:\/\/www.secondchancerescue.fi\/index.php?rest_route=\/wp\/v2\/users\/1"}],"replies":[{"embeddable":true,"href":"https:\/\/www.secondchancerescue.fi\/index.php?rest_route=%2Fwp%2Fv2%2Fcomments&post=4417"}],"version-history":[{"count":3,"href":"https:\/\/www.secondchancerescue.fi\/index.php?rest_route=\/wp\/v2\/pages\/4417\/revisions"}],"predecessor-version":[{"id":5501,"href":"https:\/\/www.secondchancerescue.fi\/index.php?rest_route=\/wp\/v2\/pages\/4417\/revisions\/5501"}],"wp:attachment":[{"href":"https:\/\/www.secondchancerescue.fi\/index.php?rest_route=%2Fwp%2Fv2%2Fmedia&parent=4417"}],"curies":[{"name":"wp","href":"https:\/\/api.w.org\/{rel}","templated":true}]}}