{"id":5,"date":"2018-06-22T10:40:38","date_gmt":"2018-06-22T10:40:38","guid":{"rendered":"http:\/\/www.secondchancerescue.fi\/?page_id=5"},"modified":"2020-02-13T12:44:05","modified_gmt":"2020-02-13T12:44:05","slug":"koirat","status":"publish","type":"page","link":"https:\/\/www.secondchancerescue.fi\/?page_id=5","title":{"rendered":"Koirat"},"content":{"rendered":"<p>Autamme p\u00e4\u00e4osin \u201dppp\u201d \u2013rotuihin luokiteltuja koiria, n\u00e4ihin rotuihin lukeutuu mm. Pitbull, amstaffi, staffi, rottweiler, dobermanni, dogo argentino ja monia muita sek\u00e4 n\u00e4iden sekoituksia. Koirien rodusta ei ole yleens\u00e4 tarkkaa tietoa, koska koirille ei ole mahdollista tarhalla suorittaa dna-testej\u00e4 ja mahdollisesti puhdasrotuisistakaan ei ole virallisia sukutietoja. Rodut m\u00e4\u00e4ritell\u00e4\u00e4n pitk\u00e4lti koiran ulkon\u00e4\u00f6n ja luonteen ominaispiirteiden mukaisesti.<\/p>\n<p>Koiria yhteisty\u00f6tarhaltamme l\u00f6ytyy jokaiseen l\u00e4ht\u00f6\u00f6n, nuorista senioreihin ja vanhuksiin, kuten pienist\u00e4 todella isoihinkin. Luonteiltaan l\u00f6ytyy todella aktiivisia ja energisi\u00e4, mutta my\u00f6s taas rauhallisia sohvaperunoita. Tarkoituksenamme on l\u00f6yt\u00e4\u00e4 jokaiselle koiralle juuri heille sopiva koti eli varauduthan, ettemme v\u00e4ltt\u00e4m\u00e4tt\u00e4 luovuta ensimm\u00e4ist\u00e4 haluamaasi koiraa perheeseesi.<\/p>\n<p>Emme valitettavasti pysty tiet\u00e4m\u00e4\u00e4n koiran k\u00e4ytt\u00e4ytymist\u00e4 kotioloissa, vaan luonnekuvaukset perustuvat koiran k\u00e4yt\u00f6kseen tarhalla. Jokaisen perheen tulee varautua siihen, ett\u00e4 koiran k\u00e4yt\u00f6s voi my\u00f6s muuttua kotiutuessa. Pystymme tarvittaessa testaamaan koiria muiden koirien, lasten ja kissojen kanssa, mutta kaikkia koiria ei luovuteta esimerkiksi lapsi- tai kissaperheeseen ja osalle etsit\u00e4\u00e4n kotia ainoana koirana.<\/p>\n<p>&nbsp;<\/p>\n<p><strong><a href=\"https:\/\/www.secondchancerescue.fi\/?page_id=1491\">Urokset<\/a><\/strong><\/p>\n<p><a href=\"https:\/\/www.secondchancerescue.fi\/?page_id=1517\"><strong>Nartut<\/strong><\/a><\/p>\n<p><strong><a href=\"https:\/\/www.secondchancerescue.fi\/?page_id=1524\">Kotihoitokoirat<\/a><\/strong><\/p>\n<p>&nbsp;<\/p>\n","protected":false},"excerpt":{"rendered":"<p>Autamme p\u00e4\u00e4osin \u201dppp\u201d \u2013rotuihin luokiteltuja koiria, n\u00e4ihin rotuihin lukeutuu mm. Pitbull, amstaffi, staffi, rottweiler, dobermanni, dogo argentino ja monia muita sek\u00e4 n\u00e4iden sekoituksia. Koirien rodusta ei ole yleens\u00e4 tarkkaa tietoa, koska koirille ei ole mahdollista tarhalla suorittaa dna-testej\u00e4 ja mahdollisesti &hellip; <a href=\"https:\/\/www.secondchancerescue.fi\/?page_id=5\">Lue loppuun <span class=\"meta-nav\">&rarr;<\/span><\/a><\/p>\n","protected":false},"author":1,"featured_media":0,"parent":0,"menu_order":0,"comment_status":"closed","ping_status":"closed","template":"","meta":{"ngg_post_thumbnail":0,"footnotes":""},"class_list":["post-5","page","type-page","status-publish","hentry"],"_links":{"self":[{"href":"https:\/\/www.secondchancerescue.fi\/index.php?rest_route=\/wp\/v2\/pages\/5","targetHints":{"allow":["GET"]}}],"collection":[{"href":"https:\/\/www.secondchancerescue.fi\/index.php?rest_route=\/wp\/v2\/pages"}],"about":[{"href":"https:\/\/www.secondchancerescue.fi\/index.php?rest_route=\/wp\/v2\/types\/page"}],"author":[{"embeddable":true,"href":"https:\/\/www.secondchancerescue.fi\/index.php?rest_route=\/wp\/v2\/users\/1"}],"replies":[{"embeddable":true,"href":"https:\/\/www.secondchancerescue.fi\/index.php?rest_route=%2Fwp%2Fv2%2Fcomments&post=5"}],"version-history":[{"count":10,"href":"https:\/\/www.secondchancerescue.fi\/index.php?rest_route=\/wp\/v2\/pages\/5\/revisions"}],"predecessor-version":[{"id":1844,"href":"https:\/\/www.secondchancerescue.fi\/index.php?rest_route=\/wp\/v2\/pages\/5\/revisions\/1844"}],"wp:attachment":[{"href":"https:\/\/www.secondchancerescue.fi\/index.php?rest_route=%2Fwp%2Fv2%2Fmedia&parent=5"}],"curies":[{"name":"wp","href":"https:\/\/api.w.org\/{rel}","templated":true}]}}